 b**3 + b**2 - b. Let a(o) = -o**3 + 9*o**2 - 8*o - 3. What is the remainder when a(7) is divided by r(p)?
9
Let r be -9*201/(-33) + (-6)/(-33). Let i = -35 + r. Calculate the remainder when 38 is divided by i.
18
Let m be (-3 + 11)/2 + 1. Suppose -4*c + m*c = 3*w - 251, 0 = 4*w + c - 344. What is the remainder when w is divided by 22?
19
Let s(g) = 33*g + 330. What is the remainder when 129 is divided by s(-8)?
63
Suppose -4*m + 720 = 4*v, 4*m = -v + 257 - 71. What is the remainder when v is divided by 20?
18
Suppose -14 = -6*i + 7*i. What is the remainder when 88 is divided by (i + 1)/(-2 - -1)?
10
Suppose -4*m - 124 = -4*g, g - 4*m - 8 - 23 = 0. Let h = -134 + 256. Calculate the remainder when h is divided by g.
29
Let g(h) = h**2 + 3*h + 6. Suppose -3*o - 4*m = 4, 2 - 20 = 3*o - 3*m. Calculate the remainder when 27 is divided by g(o).
7
Let l = 71 + -9. Let x be (-11)/(66/252) - -6. Let t = x + l. Calculate the remainder when t is divided by 9.
8
Let t = 19 - 9. Let u = 2806 - 2801. Calculate the remainder when t is divided by u.
0
Suppose 0 = 5*w - 20, -5*g + 822 + 2652 = w. Calculate the remainder when g is divided by 58.
56
Suppose 0 = 5*y + 15, 5*r - 2*y - 1662 = -466. What is the remainder when r is divided by 61?
55
Let c(m) = 7*m**3 - m + 1. Let s be c(2). Let y = s + -46. What is the remainder when 23 is divided by y?
5
Let h be ((-735)/(-10))/(1/2). Suppose v = -2*v + h. Suppose -v = -s - 14. Calculate the remainder when s is divided by 9.
8
Suppose 30*p = 4*p + 1092. What is the remainder when p is divided by 15?
12
Let b be 9*(32/12)/(-2). Let v = b - -39. What is the remainder when v is divided by 15?
12
Let t(c) = 2*c**2 + 12*c - 6. Let r be t(-11). Suppose r = 5*g + w, 5*w + 109 = 5*g + w. Calculate the remainder when 83 is divided by g.
20
Let m(s) be the third derivative of s**6/120 + s**5/10 + s**4/4 - s**3/6 - 20*s**2. Calculate the remainder when 22 is divided by m(-3).
6
Let y be (12/(-42))/(3/(-21)). Suppose l = -u + 3, -5*l + 8 = -0*u - y*u. Calculate the remainder when 3 is divided by l.
1
Let o(v) = -54*v. Let d be o(-1). Suppose -d = -x - x. What is the remainder when 3/(-2)*(-424)/12 is divided by x?
26
Let x = -19 + 49. Let u be (-54)/(-1 + -2 - -1). Let n = u - 19. What is the remainder when x is divided by n?
6
Let t = -15 - -19. Suppose -t*y + 46 = 10. Suppose -y - 9 = -3*p. Calculate the remainder when p is divided by 3.
0
Suppose 0 = -c - 5, j + 22*c - 26*c - 63 = 0. What is the remainder when 764/6 - 8/(-12) is divided by j?
42
Let l be -2 + 4 - (0 + 14). Let a = l - -8. Calculate the remainder when 27 is divided by 6/a*(-56)/6.
13
Let j(h) = 101*h**2 + 2*h + 1. Let n be 8/(-6) - (-3)/9. Let i be j(n). Suppose i = 3*p + 2*p. Calculate the remainder when 39 is divided by p.
19
Suppose -5 = 6*l - l. Let h(q) = q**3 - 6*q**2 - 5*q + 19. Calculate the remainder when h(7) is divided by ((-1)/(-1))/l - -10.
6
Let l = 1335 - 1162. Let a(n) = n**2 + 6*n - 5. Calculate the remainder when l is divided by a(4).
33
Let u be 9/4 + 15/20. Suppose -3*h + 0*s = 4*s - 109, -4*h + u*s + 112 = 0. What is the remainder when 121 is divided by h?
28
Suppose -44*o = 416 - 2264. Calculate the remainder when 173 is divided by o.
5
Suppose 2 + 13 = 5*u. Let k be (-3)/(0 + u)*7. Let g = 19 + k. Calculate the remainder when 35 is divided by g.
11
What is the remainder when ((-28)/5)/(13/1820*-8) is divided by 11?
10
Suppose -3*n - 3*t = -18, 16 = 4*n - 0*t - 4*t. Suppose n*j = -0*g + 4*g - 448, 2*j = 5*g - 577. Calculate the remainder when g is divided by 15.
12
Let t = -6 - -7. Let o(c) = t + c - 4*c - c + c. Calculate the remainder when 12 is divided by o(-2).
5
Suppose -318 = 6*j - 12*j. Let r = j + -45. What is the remainder when r is divided by 46/10 + (-4)/(-10)?
3
Suppose 3*p = -4*o + 416, -2*p + 287 = 3*o - 6*p. Calculate the remainder when o is divided by 24.
5
Suppose 4*d - 164 - 24 = 0. Let f be d + -3*(-2 + 3). Suppose -5*k + f + 81 = 0. What is the remainder when 74 is divided by k?
24
Let z be (6/(-18))/((-3)/36). Let t be (2 - 5)*4/(-6). Suppose -z*b = 12, 4*f - 3*b - 63 = -t*b. What is the remainder when 59 is divided by f?
14
Let b be 4/5 - 22/(-10). Suppose 0 = b*u - 5*u. Suppose 4*r + 2*p = 326 - 30, u = -3*p - 12. What is the remainder when r is divided by 20?
16
Suppose -5*y = -4*p + 81, 0 = 2*y + 5*p + 28 + 11. Let l = -15 - y. Calculate the remainder when 2 + (-1 + -2)*-1 is divided by l.
1
Let r(y) = 17*y**3 + 3*y - 4. Suppose u - 3*u = -2. What is the remainder when 45 is divided by r(u)?
13
Let z(w) = -w - 3. Suppose 4*a + 6 = 3*r - 0*r, -5*a + 6 = 3*r. Suppose -r*n + 7 = -1. What is the remainder when z(-10) is divided by n?
3
Let q(u) = 367*u**2 - 2*u. Calculate the remainder when q(1) is divided by 7.
1
Let w be (5/(-4))/((-3)/(-12)). Let j(m) = -7*m + 4*m**2 + m**3 + 1 + m**3 - m**3. Calculate the remainder when j(w) is divided by 6.
5
Let r = -102 - -96. Suppose 0 = -q - 3*q + 32. Let u = q - r. Calculate the remainder when 39 is divided by u.
11
Let q be 62 + (1 - 0) + -1. Suppose -4*v + q + 38 = 0. Let s = -7 + v. What is the remainder when s is divided by 11?
7
Let i(a) = -a**3 - 9*a**2 + 11*a + 13. Let c be i(-10). Suppose -g + 5*g + 292 = 4*s, -4*s = c*g - 313. What is the remainder when s is divided by 26?
24
Let h be 0/(-6 - -2) - (1 + 89). Let q = -21 - h. Suppose 5*j + 15 - 94 = -3*k, -2*k - 8 = -j. What is the remainder when q is divided by j?
13
Let t(q) = q + 7. Let c be t(-3). Let v(s) = s - 4. Let n be v(c). Suppose 2*g + 3*g - 15 = n. What is the remainder when g is divided by 3?
0
Let y be (-3444)/(-70) + 6/(-5) + 1. Suppose 6*o = 119 + y. Calculate the remainder when 54 is divided by o.
26
Suppose -3*q = -0*q + 18. Let o be q*((-1)/(-2))/(-1). Suppose 3*k + o*l - 6*l - 12 = 0, -47 = -3*k - 4*l. Calculate the remainder when 26 is divided by k.
8
Suppose -27*a - 1440 = -37*a. Suppose -10 = 5*z, 24 = -2*f + 3*z + a. Calculate the remainder when f is divided by 30.
27
Let k(t) = 16*t**2 + 32*t - 2. What is the remainder when k(-4) is divided by 16?
14
Let y(p) = -p - 4. What is the remainder when 77 is divided by y(-14)?
7
Let r = 125 + -52. Suppose 0*y + r = y. What is the remainder when y is divided by 38?
35
What is the remainder when 118 + -26 + (-2*2)/(-1) is divided by 27?
15
Let g = -213 - -250. Calculate the remainder when 369 is divided by g.
36
Let j = 1 + 4. Suppose 0 = -0*c + c - 41. What is the remainder when c is divided by -4 + j - (-13 + 0)?
13
Let s(f) = f**2 + 26*f + 112. Suppose 0 = r - 23 - 47. What is the remainder when r is divided by s(-22)?
22
Let v(m) = 8*m + 63. Suppose -3*c + 4*i = -355, -2*i - 462 - 111 = -5*c. What is the remainder when c is divided by v(-5)?
21
Let r(n) = -n**3 - 6*n**2 + 15*n + 5. What is the remainder when 35 is divided by r(-8)?
9
Let g(v) = 69*v**2 - 18*v - 19. What is the remainder when g(-1) is divided by 39?
29
Let h(j) = j**3 + 12*j**2 - 17*j - 45. Calculate the remainder when 33 is divided by h(-13).
5
Calculate the remainder when -2*566/(-20) + (-46)/(-115) is divided by 24.
9
Suppose 2*g + 5*f = -5, 4*f = 9 - 29. Let i(q) = 2*q**2 - 12*q - 6. Calculate the remainder when i(9) is divided by 168/g - 6/(-30).
14
Let x be (-1*(-2 - -5))/(6/(-100)). Let g = x - -7. What is the remainder when g is divided by 12?
9
Let n(x) = -x**2 - 14*x - 2. Let y = -264 + 418. What is the remainder when y is divided by n(-11)?
30
Let l(f) = -27*f - 183. Calculate the remainder when l(-10) is divided by 7.
3
Let s be 14/(-8) - 2/8*1. What is the remainder when 4 is divided by (-1)/(((-12)/(-18))/s)?
1
Calculate the remainder when 134 is divided by -3*232/(-24) + -2.
26
Suppose -5 = -5*k + 15. Suppose -5*f + 81 + 89 = 5*y, -12 = -k*f. Calculate the remainder when 122 is divided by y.
29
Let n = 76 + -42. Suppose 4*t - 2*c - 50 = 0, 4*t + 0*c + 2*c - 46 = 0. Calculate the remainder when n is divided by t.
10
Suppose 3*f = -3*f - 84. Let v(j) = j + 11. Let u be v(f). What is the remainder when (u/9)/(2/(-486)) is divided by 21?
18
Let c = -465 - -487. Suppose -71 = 3*n - 263. Calculate the remainder when n is divided by c.
20
Suppose 5*c + 8 = c, -3*c + 231 = 3*d. Calculate the remainder when d is divided by 382/18 - (-10)/(-45).
16
Suppose 7*t + 5*j = 2